{"id":183,"date":"2017-12-04T11:07:39","date_gmt":"2017-12-04T11:07:39","guid":{"rendered":"http:\/\/bridge120.qodeinteractive.com\/?page_id=183"},"modified":"2021-10-12T05:30:52","modified_gmt":"2021-10-12T05:30:52","slug":"about-us","status":"publish","type":"page","link":"http:\/\/www.internacionalcrucero.com\/index.php\/about-us\/","title":{"rendered":"Nosotros"},"content":{"rendered":"<p>[vc_row css_animation=\u00bb\u00bb row_type=\u00bbrow\u00bb use_row_as_full_screen_section=\u00bbno\u00bb type=\u00bbgrid\u00bb angled_section=\u00bbno\u00bb text_align=\u00bbleft\u00bb background_image_as_pattern=\u00bbwithout_pattern\u00bb z_index=\u00bb\u00bb css=\u00bb.vc_custom_1512388758522{padding-top: 153px !important;padding-bottom: 41px !important;}\u00bb][vc_column offset=\u00bbvc_col-lg-4 vc_col-md-4&#8243;][vc_single_image image=\u00bb454&#8243; img_size=\u00bbfull\u00bb qode_css_animation=\u00bb\u00bb][vc_empty_space height=\u00bb17px\u00bb][vc_column_text]<\/p>\n<h3>Env\u00edos diarios<\/h3>\n<p>[\/vc_column_text][vc_empty_space height=\u00bb8px\u00bb][vc_column_text]\ud83d\udc49Servicio seguro para sus env\u00edos de mercaderia. Cubrimos los destinos: Hu\u00e1nuco, Ambo, San Rafael, Lima, Trujillo, Chiclayo, Ferre\u00f1afe, Piura, Catacaos, La Union, La Arena, Sechura, Chulucanas, Morropon, Jayanca. Olmos.<br \/>\n\ud83d\udcf2 (WhatsApp): 989063-820<br \/>\n\ud83d\udce7 Correo: elmerexpreso@gmail.com[\/vc_column_text][vc_empty_space height=\u00bb50px\u00bb][\/vc_column][vc_column offset=\u00bbvc_col-lg-4 vc_col-md-4&#8243;][vc_single_image image=\u00bb454&#8243; img_size=\u00bbfull\u00bb qode_css_animation=\u00bb\u00bb][vc_empty_space height=\u00bb17px\u00bb][vc_column_text]<\/p>\n<h3>Env\u00edos a todo el Norte<\/h3>\n<p>[\/vc_column_text][vc_empty_space height=\u00bb8px\u00bb][vc_column_text]\ud83d\udc49Servicio seguro para sus env\u00edos de mercaderia. Cubrimos los destinos: Hu\u00e1nuco, Ambo, San Rafael, Lima, Trujillo, Chiclayo, Ferre\u00f1afe, Piura, Catacaos, La Union, La Arena, Sechura, Chulucanas, Morropon, Jayanca. Olmos.<br \/>\n\ud83d\udcf2 (WhatsApp): 989063-820<br \/>\n\ud83d\udce7 Correo: elmerexpreso@gmail.com[\/vc_column_text][vc_empty_space height=\u00bb50px\u00bb][\/vc_column][vc_column offset=\u00bbvc_col-lg-4 vc_col-md-4&#8243;][vc_single_image image=\u00bb454&#8243; img_size=\u00bbfull\u00bb qode_css_animation=\u00bb\u00bb][vc_empty_space height=\u00bb17px\u00bb][vc_column_text]<\/p>\n<h3>Traslado<\/h3>\n<p>[\/vc_column_text][vc_empty_space height=\u00bb8px\u00bb][vc_column_text]\ud83d\udc49Servicio seguro para sus env\u00edos de mercaderia. Cubrimos los destinos: Hu\u00e1nuco, Ambo, San Rafael, Lima, Trujillo, Chiclayo, Ferre\u00f1afe, Piura, Catacaos, La Union, La Arena, Sechura, Chulucanas, Morropon, Jayanca. Olmos.<br \/>\n\ud83d\udcf2 (WhatsApp): 989063-820<br \/>\n\ud83d\udce7 Correo: elmerexpreso@gmail.com[\/vc_column_text][vc_empty_space height=\u00bb50px\u00bb][\/vc_column][\/vc_row][vc_row css_animation=\u00bb\u00bb row_type=\u00bbrow\u00bb use_row_as_full_screen_section=\u00bbno\u00bb type=\u00bbgrid\u00bb angled_section=\u00bbno\u00bb text_align=\u00bbleft\u00bb background_image_as_pattern=\u00bbwithout_pattern\u00bb z_index=\u00bb\u00bb css=\u00bb.vc_custom_1512389167578{padding-top: 53px !important;padding-bottom: 53px !important;background-image: url(http:\/\/bridge120.qodeinteractive.com\/wp-content\/uploads\/2017\/11\/home-background-image-1a.png?id=84) !important;}\u00bb][vc_column offset=\u00bbvc_col-lg-6 vc_col-md-12&#8243;][qode_elements_holder number_of_columns=\u00bbone_column\u00bb][qode_elements_holder_item item_padding=\u00bb5% 17% 24% 0&#8243; advanced_animations=\u00bbno\u00bb item_padding_1024_1280=\u00bb0% 0% 24% 0&#8243; item_padding_768_1024=\u00bb0% 30% 5% 0&#8243;][vc_column_text]<\/p>\n<h2><span class='highlight' style='color: #222222; background-color:transparent;'>Encomiendas <\/span><span class='highlight' style='color: #222222; background-color:transparent;'>y Carga?<\/span> Lima &#8211; Hu\u00e1nuco &#8211; Chiclayo!<\/h2>\n<p>[\/vc_column_text][vc_empty_space height=\u00bb28px\u00bb][vc_column_text]<\/p>\n<h4>\ud83d\udc49 Ya Abrimos Agencia en Trujillo<br \/>\n\ud83d\udccc Calle jose joaquin inclan Mz-\u00abB\u00bb lote-55 Trujillo<br \/>\naqu\u00ed \u27a1\ufe0f Contactos:<br \/>\n\ud83d\udcf2 (WhatsApp): 940-986-809<br \/>\n\ud83d\udd37Encomiendas y Carga<\/h4>\n<p>[\/vc_column_text][vc_empty_space height=\u00bb40px\u00bb]<a  itemprop=\"url\" href=\"#\" target=\"_self\" data-hover-background-color=#121211 data-hover-color=#ffffff class=\"qbutton  small center default\" style=\"color: #ffffff; background-color: #252525;\">Mas<\/a>[\/qode_elements_holder_item][\/qode_elements_holder][\/vc_column][vc_column offset=\u00bbvc_col-lg-6 vc_col-md-12&#8243;]<div class=\"qode_video_box\">\r\n\t<a itemprop=\"image\" class=\"qode_video_image\" href=\"https:\/\/youtu.be\/JmlHeZGa_50\" data-rel=\"prettyPhoto\">\r\n\t\t\t\r\n\t\t\t<img decoding=\"async\" src=\"http:\/\/www.internacionalcrucero.com\/wp-content\/uploads\/2017\/12\/about-us-video-image.jpg\" \/>\r\n\t\t\t<span class=\"qode_video_box_button_holder\">\r\n\t\t\t\t<span class=\"qode_video_box_button\">\r\n\t\t\t\t\t<span class=\"qode_video_box_button_arrow\">\r\n\t\t\t\t\t<\/span>\r\n\t\t\t\t<\/span>\r\n\t\t\t<\/span>\r\n\t\t\t<\/a>\r\n<\/div>[vc_empty_space height=\u00bb50px\u00bb][\/vc_column][\/vc_row][vc_row css_animation=\u00bb\u00bb row_type=\u00bbrow\u00bb use_row_as_full_screen_section=\u00bbno\u00bb type=\u00bbfull_width\u00bb angled_section=\u00bbno\u00bb text_align=\u00bbleft\u00bb background_image_as_pattern=\u00bbwithout_pattern\u00bb][vc_column]<div class=\"call_to_action with_icon\" style=\"background-color: #31f41f;padding-top: 55px;padding-bottom: 55px;\"><div class=\"container_inner\"><div class=\"two_columns_75_25 clearfix\"><div class=\"text_wrapper column1\"><div class=\"call_to_action_icon_holder\"><div class=\"call_to_action_icon\"><div class=\"call_to_action_icon_inner\"><img decoding=\"async\" itemprop=\"image\" src=\"http:\/\/www.internacionalcrucero.com\/wp-content\/uploads\/2017\/12\/call-to-action-image.png\" alt=\"\"><\/div><\/div><\/div><div class=\"call_to_action_text \" style=\"\">\n<h3>Cotiza o consulta al \ud83d\udcf2 989 244 036 Carga \ud83d\ude9b\ud83d\udce6\ud83c\uddf5\ud83c\uddea<\/h3>\n<\/div><\/div><div class=\"button_wrapper column2\"><a itemprop=\"url\" href=\"#\" class=\"qbutton white large\" target=\"_self\" style=\"color: #222222;border-color: #ffffff;background-color: #ffffff;\"data-hover-background-color=rgba(255,255,255,0.95) data-hover-border-color=rgba(255,255,255,0.95) data-hover-color=#222222> \ud83d\udcf2 989 244 036 CARGA \ud83d\ude9b\ud83d\udce6\ud83c\uddf5\ud83c\uddea<\/a><\/div><\/div><\/div><\/div>[\/vc_column][\/vc_row]<\/p>\n","protected":false},"excerpt":{"rendered":"<p>[vc_row css_animation=\u00bb\u00bb row_type=\u00bbrow\u00bb use_row_as_full_screen_section=\u00bbno\u00bb type=\u00bbgrid\u00bb angled_section=\u00bbno\u00bb text_align=\u00bbleft\u00bb background_image_as_pattern=\u00bbwithout_pattern\u00bb z_index=\u00bb\u00bb css=\u00bb.vc_custom_1512388758522{padding-top: 153px !important;padding-bottom: 41px !important;}\u00bb][vc_column offset=\u00bbvc_col-lg-4 vc_col-md-4&#8243;][vc_single_image image=\u00bb454&#8243; img_size=\u00bbfull\u00bb qode_css_animation=\u00bb\u00bb][vc_empty_space height=\u00bb17px\u00bb][vc_column_text] Env\u00edos diarios [\/vc_column_text][vc_empty_space height=\u00bb8px\u00bb][vc_column_text]\ud83d\udc49Servicio seguro para sus env\u00edos de mercaderia. Cubrimos los destinos: Hu\u00e1nuco, Ambo, San Rafael, Lima, Trujillo, Chiclayo, Ferre\u00f1afe, Piura, Catacaos, La Union,&#8230;<\/p>\n","protected":false},"author":1,"featured_media":0,"parent":0,"menu_order":0,"comment_status":"closed","ping_status":"closed","template":"full_width.php","meta":{"footnotes":""},"class_list":["post-183","page","type-page","status-publish","hentry"],"_links":{"self":[{"href":"http:\/\/www.internacionalcrucero.com\/index.php\/wp-json\/wp\/v2\/pages\/183","targetHints":{"allow":["GET"]}}],"collection":[{"href":"http:\/\/www.internacionalcrucero.com\/index.php\/wp-json\/wp\/v2\/pages"}],"about":[{"href":"http:\/\/www.internacionalcrucero.com\/index.php\/wp-json\/wp\/v2\/types\/page"}],"author":[{"embeddable":true,"href":"http:\/\/www.internacionalcrucero.com\/index.php\/wp-json\/wp\/v2\/users\/1"}],"replies":[{"embeddable":true,"href":"http:\/\/www.internacionalcrucero.com\/index.php\/wp-json\/wp\/v2\/comments?post=183"}],"version-history":[{"count":15,"href":"http:\/\/www.internacionalcrucero.com\/index.php\/wp-json\/wp\/v2\/pages\/183\/revisions"}],"predecessor-version":[{"id":455,"href":"http:\/\/www.internacionalcrucero.com\/index.php\/wp-json\/wp\/v2\/pages\/183\/revisions\/455"}],"wp:attachment":[{"href":"http:\/\/www.internacionalcrucero.com\/index.php\/wp-json\/wp\/v2\/media?parent=183"}],"curies":[{"name":"wp","href":"https:\/\/api.w.org\/{rel}","templated":true}]}}